{"id":837,"date":"2017-02-15T16:20:32","date_gmt":"2017-02-15T16:20:32","guid":{"rendered":"http:\/\/www.vergerbois-francs.com\/verger\/?page_id=837"},"modified":"2025-08-26T13:25:34","modified_gmt":"2025-08-26T18:25:34","slug":"auto-cueillette","status":"publish","type":"page","link":"http:\/\/www.vergerbois-francs.com\/verger\/auto-cueillette\/","title":{"rendered":"Auto-Cueillette"},"content":{"rendered":"<div class=\"row row-edge row-style-none  \" >\n<div class=\"col-md-12 col-xs-offset-0 col-sm-offset-0 col-md-offset-0 col-lg-offset-0 col-xs-pull-0 col-sm-pull-0 col-md-pull-0 col-lg-pull-0 col-xs-push-0 col-sm-push-0 col-md-push-0 col-lg-push-0\">\n<div class=\"row row-edge row-style-none  \" >\n<div class=\"col-md-12 col-xs-offset-0 col-sm-offset-0 col-md-offset-0 col-lg-offset-0 col-xs-pull-0 col-sm-pull-0 col-md-pull-0 col-lg-pull-0 col-xs-push-0 col-sm-push-0 col-md-push-0 col-lg-push-0\">\n<div class=\"motopress-text-obj\">\n<h3>Un incontournable de l&rsquo;automne entre la f\u00eate du Travail et l&rsquo;Action de Gr\u00e2ce !<\/h3>\n<p>L\u2019auto-cueillette est une superbe activit\u00e9 familiale \u00e0 faire pendant l&rsquo;automne. Elle permet de rassembler famille et amis. Au Verger des Bois-Francs, vous aurez le privil\u00e8ge de remplir votre sac avec les meilleures pommes en r\u00e9gion. De plus, sur place, trois modules de jeux et une grande aire de pique-nique sauront vous divertir. Lors de la balade de tracteur, vous aurez la chance de d\u00e9couvrir notre magnifique verger embellit par les couleurs de l&rsquo;automne. Cette balade saura certainement satisfaire jeunes et moins jeunes. Enfin, l&rsquo;auto-cueillette est l&rsquo;activit\u00e9 id\u00e9al pour c\u00e9l\u00e9brer un anniversaire !!<\/p>\n<h3>Bienvenue \u00e0 tous !<\/h3>\n<\/div>\n<\/div>\n<\/div>\n<div class=\"row row-edge row-style-none  \" >\n<div class=\"col-md-6 col-xs-offset-0 col-sm-offset-0 col-md-offset-0 col-lg-offset-0 col-xs-pull-0 col-sm-pull-0 col-md-pull-0 col-lg-pull-0 col-xs-push-0 col-sm-push-0 col-md-push-0 col-lg-push-0\">\n<div class=\"motopress-code-obj\">\n<\/div>\n<\/div>\n<div class=\"col-md-6 col-xs-offset-0 col-sm-offset-0 col-md-offset-0 col-lg-offset-0 col-xs-pull-0 col-sm-pull-0 col-md-pull-0 col-lg-pull-0 col-xs-push-0 col-sm-push-0 col-md-push-0 col-lg-push-0\">\n<div class=\"motopress-image-obj motopress-text-align-center\"><img decoding=\"async\" src=\"http:\/\/www.vergerbois-francs.com\/verger\/wp-content\/uploads\/2017\/02\/autocueillette-1.jpg\" title=\"autocueillette\" alt=\"autocueillette\" class=\"motopress-image-obj-basic mpce-dsbl-margin-left mpce-dsbl-margin-right mpce-dsbl-margin-top mpce-dsbl-margin-bottom\" \/><\/div>\n<\/div>\n<\/div>\n<div class=\"row row-edge row-style-none  \" >\n<div class=\"col-md-12 col-xs-offset-0 col-sm-offset-0 col-md-offset-0 col-lg-offset-0 col-xs-pull-0 col-sm-pull-0 col-md-pull-0 col-lg-pull-0 col-xs-push-0 col-sm-push-0 col-md-push-0 col-lg-push-0\">\n<div class=\"motopress-text-obj\">\n<h4>Info Pomme<\/h4>\n<\/div>\n<\/div>\n<\/div>\n<div class=\"row row-edge row-style-none  \" >\n<div class=\"col-md-12 col-xs-offset-0 col-sm-offset-0 col-md-offset-0 col-lg-offset-0 col-xs-pull-0 col-sm-pull-0 col-md-pull-0 col-lg-pull-0 col-xs-push-0 col-sm-push-0 col-md-push-0 col-lg-push-0\">\n<div class=\"motopress-list-obj motopress-list-obj-basic \">\n<ul class=\"motopress-list-type-icon\">\n<li style=\"color:rgb(20, 18, 18);\"><i  class=\"fa fa-apple\"><\/i>Sac de pommes (18 \u00e0 20 lbs) : premier sac est \u00e0 21$ et tous les sacs suppl\u00e9mentaires reviennent \u00e0 19$\/sac (Argent ou PayPass)<\/li>\n<li style=\"color:rgb(20, 18, 18);\"><i  class=\"fa fa-apple\"><\/i>*Exception $$* Gingergold, Gala et Ambrosia: 26$\/sac<\/li>\n<li style=\"color:rgb(20, 18, 18);\"><i  class=\"fa fa-apple\"><\/i>*Exception $$$* Honey Crisp: 40$\/sac et sacs suppl\u00e9mentaires: 35$\/sac (Recevez un sac r\u00e9utilisable gratuit pour cueillir la Honey Crisp)<\/li>\n<li style=\"color:rgb(20, 18, 18);\"><i  class=\"fa fa-apple\"><\/i>Aucun prix d&rsquo;entr\u00e9e et parking gratuit<\/li>\n<li style=\"color:rgb(20, 18, 18);\"><i  class=\"fa fa-apple\"><\/i>Derni\u00e8re remont\u00e9e en tracteur \u00e0 16h30<\/li>\n<li style=\"color:rgb(20, 18, 18);\"><i  class=\"fa fa-apple\"><\/i>Aucun animal de compagnie n&rsquo;est accept\u00e9 puisque le verger est certifi\u00e9 Canada Gap pour la salubrit\u00e9 des fruits<\/li>\n<li style=\"color:rgb(20, 18, 18);\"><i  class=\"fa fa-apple\"><\/i>Service sanitaire (toilettes) sur place<\/li>\n<li style=\"color:rgb(20, 18, 18);\"><i  class=\"fa fa-apple\"><\/i>Pour les r\u00e9servations de groupe ou scolaire, t\u00e9l\u00e9phonez au 819-364-5783<\/li>\n<li style=\"color:rgb(20, 18, 18);\"><i  class=\"fa fa-apple\"><\/i><br \/>\n<h4>Forfait Groupe (jeudi ou vendredi) (Prix 2025)<\/h4>\n<\/li>\n<li style=\"color:rgb(20, 18, 18);\"><i  class=\"fa fa-apple\"><\/i>Sac de pommes (5 lbs) + une petite gourde de jus de pomme: 10.00$<\/li>\n<li style=\"color:rgb(20, 18, 18);\"><i  class=\"fa fa-apple\"><\/i>Sac de pommes (5 lbs) + une petite gourde de jus de pomme + un petit livre \u00e0 colorier de la pomme du Qu\u00e9bec: 12.50$<\/li>\n<li style=\"color:rgb(20, 18, 18);\"><i  class=\"fa fa-apple\"><\/i>Sac de pommes (5lbs) + un pot de 250ml de gel\u00e9e de pomme + d\u00e9gustation de mo\u00fbt de pomme: 16.00$<\/li>\n<li style=\"color:rgb(20, 18, 18);\"><i  class=\"fa fa-apple\"><\/i>Sac de pommes (5 lbs) + un pot de 250g de beurre d&rsquo;\u00e9rable + d\u00e9gustation de mo\u00fbt de pommes: 18.00$<\/li>\n<\/ul>\n<\/div>\n<\/div>\n<\/div>\n<div class=\"row row-edge row-style-none  \" >\n<div class=\"col-md-12 col-xs-offset-0 col-sm-offset-0 col-md-offset-0 col-lg-offset-0 col-xs-pull-0 col-sm-pull-0 col-md-pull-0 col-lg-pull-0 col-xs-push-0 col-sm-push-0 col-md-push-0 col-lg-push-0\">\n<div class=\"motopress-text-obj\">\n<h4>Heures d&rsquo;ouverture<\/h4>\n<\/div>\n<\/div>\n<\/div>\n<\/div>\n<\/div>\n<div class=\"row row-edge row-style-none  \" >\n<div class=\"col-md-12 col-xs-offset-0 col-sm-offset-0 col-md-offset-0 col-lg-offset-0 col-xs-pull-0 col-sm-pull-0 col-md-pull-0 col-lg-pull-0 col-xs-push-0 col-sm-push-0 col-md-push-0 col-lg-push-0\">\n<div class=\"row row-edge row-style-none  \" >\n<div class=\"col-md-12 col-xs-offset-0 col-sm-offset-0 col-md-offset-0 col-lg-offset-0 col-xs-pull-0 col-sm-pull-0 col-md-pull-0 col-lg-pull-0 col-xs-push-0 col-sm-push-0 col-md-push-0 col-lg-push-0\">\n<div class=\"motopress-text-obj\">\n<p>Jeudi au Dimanche : 9h00 \u00e0 17h00<\/p>\n<\/div>\n<\/div>\n<\/div>\n<div class=\"row row-edge row-style-none  \" >\n<div class=\"col-md-12 col-xs-offset-0 col-sm-offset-0 col-md-offset-0 col-lg-offset-0 col-xs-pull-0 col-sm-pull-0 col-md-pull-0 col-lg-pull-0 col-xs-push-0 col-sm-push-0 col-md-push-0 col-lg-push-0\">\n<div class=\"motopress-text-obj\">\n<h4>Vari\u00e9t\u00e9s disponibles approximativement<\/h4>\n<\/div>\n<\/div>\n<\/div>\n<div class=\"row row-edge row-style-none  \" >\n<div class=\"col-md-12 col-xs-offset-0 col-sm-offset-0 col-md-offset-0 col-lg-offset-0 col-xs-pull-0 col-sm-pull-0 col-md-pull-0 col-lg-pull-0 col-xs-push-0 col-sm-push-0 col-md-push-0 col-lg-push-0\">\n<div class=\"motopress-table-obj\">\n<table class=\"motopress-table motopress-table-style-silver motopress-table-first-col-left mpce-dsbl-padding-left mpce-dsbl-padding-right mpce-dsbl-margin-top mpce-dsbl-margin-bottom\">\n<thead>\n<tr>\n<th>Dates<\/th>\n<th>Vari\u00e9t\u00e9s<\/th>\n<\/tr>\n<\/thead>\n<tbody>\n<tr>\n<td>30-31 ao\u00fbt et 1 septembre<\/td>\n<td>Sunrise et Paulared<\/td>\n<\/tr>\n<tr class=\"odd-row\">\n<td>5-6-7 septembre<\/td>\n<td>Lobo et Gingergold($$)<\/td>\n<\/tr>\n<tr>\n<td>12-13-14 septembre<\/td>\n<td>Lobo et Mc Intosh<\/td>\n<\/tr>\n<tr class=\"odd-row\">\n<td>18-19-20-21 septembre<\/td>\n<td>Mc Intosh et Royal Gala($$) et Honey Crisp ($$$) \u00e0 partir du 20 septembre<\/td>\n<\/tr>\n<tr>\n<td>25-26-27-28 septembre<\/td>\n<td>McIntosh; Spartan et Honey Crisp($$$)<\/td>\n<\/tr>\n<tr class=\"odd-row\">\n<td>2-3-4-5 octobre<\/td>\n<td>Spartan; Cortland et Honey Crisp($$)<\/td>\n<\/tr>\n<tr>\n<td>9-10-11-12-13 octobre<\/td>\n<td>Cortland; Empire et Ambrosia($$)<\/td>\n<\/tr>\n<\/tbody>\n<\/table>\n<\/div>\n<\/div>\n<\/div>\n<div class=\"row row-edge row-style-none  \" >\n<div class=\"col-md-12 col-xs-offset-0 col-sm-offset-0 col-md-offset-0 col-lg-offset-0 col-xs-pull-0 col-sm-pull-0 col-md-pull-0 col-lg-pull-0 col-xs-push-0 col-sm-push-0 col-md-push-0 col-lg-push-0\">\n<div class=\"cherry-spacer   hidden-xs hidden-sm\" style=\"height:50px;\"><\/div><div class=\"cherry-spacer   visible-sm-block\" style=\"height:20px;\"><\/div><div class=\"cherry-spacer   visible-xs-block\" style=\"height:20px;\"><\/div>\n<\/div>\n<\/div>\n<div class=\"row row-edge row-style-none  \" >\n<div class=\"col-md-12 col-xs-offset-0 col-sm-offset-0 col-md-offset-0 col-lg-offset-0 col-xs-pull-0 col-sm-pull-0 col-md-pull-0 col-lg-pull-0 col-xs-push-0 col-sm-push-0 col-md-push-0 col-lg-push-0\">\n<div class=\"motopress-text-obj\">\n<h4>Pour vous rendre au verger<\/h4>\n<\/div>\n<\/div>\n<\/div>\n<div class=\"row row-edge row-style-none  \" >\n<div class=\"col-md-7 col-xs-offset-0 col-sm-offset-0 col-md-offset-0 col-lg-offset-0 col-xs-pull-0 col-sm-pull-0 col-md-pull-0 col-lg-pull-0 col-xs-push-0 col-sm-push-0 col-md-push-0 col-lg-push-0\">\n<div class=\"motopress-embed-obj fill-space\"><iframe loading=\"lazy\" src=\"https:\/\/www.google.com\/maps\/embed?pb=!1m18!1m12!1m3!1d44175.69303372577!2d-71.82861079623287!3d46.210836653781854!2m3!1f0!2f0!3f0!3m2!1i1024!2i768!4f13.1!3m3!1m2!1s0x0%3A0x97a4d4365a6109ff!2sVerger+des+Bois-Francs!5e0!3m2!1sfr!2sca!4v1487175356978\" width=\"600\" height=\"450\" frameborder=\"0\" style=\"border:0\" allowfullscreen><\/iframe><\/div>\n<\/div>\n<div class=\"col-md-5 col-xs-offset-0 col-sm-offset-0 col-md-offset-0 col-lg-offset-0 col-xs-pull-0 col-sm-pull-0 col-md-pull-0 col-lg-pull-0 col-xs-push-0 col-sm-push-0 col-md-push-0 col-lg-push-0\">\n<div class=\"motopress-text-obj\">\n<h3 style=\"text-align: center;\">2655 St-Calixte<br \/>\nPlessisville, Qu\u00e9bec<br \/>\nG6L 1S6<\/h3>\n<h3 style=\"text-align: center;\"><strong>T\u00e9l.: 819-364-5783<\/strong><\/h3>\n<\/div>\n<\/div>\n<\/div>\n<\/div>\n<\/div>\n","protected":false},"excerpt":{"rendered":"","protected":false},"author":1,"featured_media":0,"parent":0,"menu_order":0,"comment_status":"closed","ping_status":"closed","template":"","meta":{"footnotes":""},"_links":{"self":[{"href":"http:\/\/www.vergerbois-francs.com\/verger\/wp-json\/wp\/v2\/pages\/837"}],"collection":[{"href":"http:\/\/www.vergerbois-francs.com\/verger\/wp-json\/wp\/v2\/pages"}],"about":[{"href":"http:\/\/www.vergerbois-francs.com\/verger\/wp-json\/wp\/v2\/types\/page"}],"author":[{"embeddable":true,"href":"http:\/\/www.vergerbois-francs.com\/verger\/wp-json\/wp\/v2\/users\/1"}],"replies":[{"embeddable":true,"href":"http:\/\/www.vergerbois-francs.com\/verger\/wp-json\/wp\/v2\/comments?post=837"}],"version-history":[{"count":67,"href":"http:\/\/www.vergerbois-francs.com\/verger\/wp-json\/wp\/v2\/pages\/837\/revisions"}],"predecessor-version":[{"id":1337,"href":"http:\/\/www.vergerbois-francs.com\/verger\/wp-json\/wp\/v2\/pages\/837\/revisions\/1337"}],"wp:attachment":[{"href":"http:\/\/www.vergerbois-francs.com\/verger\/wp-json\/wp\/v2\/media?parent=837"}],"curies":[{"name":"wp","href":"https:\/\/api.w.org\/{rel}","templated":true}]}}